 be the first derivative of 53*n**3/3 + n**2/2 - n + 44. What is the units digit of g(1)?
3
Suppose c + q = 554, 2*q + 0*q = c - 566. What is the units digit of c?
8
Suppose 3*v = 4*r + 3072, v - 3075 = -2*v + 5*r. What is the thousands digit of v?
1
Let a be ((-12)/4)/((-1)/1). Let w be (-2 - 1) + (a - -8). Suppose -5*q - w = -3*q, 0 = 4*c - q - 80. What is the tens digit of c?
1
What is the tens digit of (55725/27)/5 - (-10)/45?
1
Let i(m) = m + 1. Let k(t) = 43*t + 22. Let a(n) = 5*i(n) - k(n). What is the tens digit of a(-3)?
9
Let z(a) = -36*a + 8. What is the hundreds digit of z(-14)?
5
Let w(f) = f + 1. Let a(y) = -2*y + 10. Let z be a(8). Let i = z - -16. What is the tens digit of w(i)?
1
Let p(m) = 16*m**2 - 6*m + 8. Suppose n = 6*n - 10. What is the tens digit of p(n)?
6
Let n = 14 - 10. Suppose 0 = -b - 2*q - 7, -8*b - 30 = -3*b + 5*q. Let o = n - b. What is the units digit of o?
9
Let s(l) = 25*l**2 + 5*l + 2. Let n be s(-2). Let m = 248 - n. What is the units digit of m?
6
Suppose -5*r - 7*r = -2364. What is the tens digit of r?
9
Let l(n) = n**3 + 4*n**2 + 3*n + 4. Let w be l(-3). Suppose w*o = 14*o - 2160. What is the tens digit of o?
1
What is the hundreds digit of ((-5139)/(-18))/((-1)/(-2 - 0))?
5
Let x be (-8)/10*(3 - (-22)/(-4)). What is the units digit of 61/x + -5 - (-1)/(-2)?
5
Let g = 9 + -5. Let n be 13*2*(-22)/g. Let x = -90 - n. What is the tens digit of x?
5
Let n(u) = -8*u + 4. Let g be n(8). Let q be 3/5 + (-204)/g. Suppose -2*i - 3*h = -68, 4*i + 2*h - q*h = 168. What is the units digit of i?
0
Let u = -44 + 48. Suppose 0 = u*x - 111 - 601. What is the tens digit of x?
7
Let r be ((-12)/5)/(6/75). Let c be 18/r + 54/(-10). What is the units digit of ((-44)/c)/(4/12)?
2
Let x(i) = 3*i**2. Let v be x(1). What is the tens digit of -35*(v + (-62)/14)?
5
Let l be ((-1)/2)/(4/208*-2). Suppose l*r = 14*r - 46. What is the tens digit of r?
4
Let i(b) = 9*b - 5. Let j be i(2). Suppose h = -2*q + 13, -4*q = -3*h + 2*h + j. What is the units digit of h?
3
Suppose -2*r = -81 - 13. Suppose -r = -j - 14. Suppose 0 = -2*o - j + 101. What is the tens digit of o?
3
Suppose 2*t - 140 = -5*b + 2*b, -5*b + 3*t + 265 = 0. Let q = b - 2. What is the tens digit of q?
4
Let w(k) = 373*k**2 - 8*k + 6. What is the hundreds digit of w(1)?
3
Let f be ((-9)/12 - -2)*4. Let k be -2 + f*8/(-4). What is the tens digit of (1 + (-13)/4)*k?
2
Suppose l + 3*j - 832 = 0, 0 = -2*j + 69 - 73. What is the hundreds digit of l?
8
Let j = 6513 - 3685. What is the units digit of j?
8
Let c be ((-804)/4)/(-1) + 1. Suppose -2*b - c = -4*v, v + 4*b - 54 = -8. What is the tens digit of v?
5
Let r(l) = 7*l**3 - 6*l**2 + 5*l - 7. Let w be r(4). Let y = w + -248. What is the tens digit of y?
1
Suppose -q = 2*q - 6, 0 = 4*v + 4*q - 28. Suppose 4*b = n - 10 - 3, v*b = 4*n - 41. What is the units digit of n?
9
Let q(p) = p**3 - 5*p**2 - 8*p - 2. Suppose 4*l - 34 - 2 = 0. Let a be q(l). Suppose -5*v = -0*v - a. What is the tens digit of v?
5
Let y(z) = 3*z - 25. Suppose 5*v = -3*s + v + 40, -5*s - v + 61 = 0. What is the units digit of y(s)?
1
Suppose -132 = -4*q - t, t = 4*t. Suppose 0 = -28*d + q*d - 805. What is the hundreds digit of d?
1
Let v = -1264 - -2371. What is the tens digit of v?
0
Let r = -13 + 108. Let y = -28 + r. What is the units digit of y?
7
Let x be 1*-6*(-3)/6. Suppose 5*q - 284 = -3*g, -x*g + 266 = -q - 48. What is the hundreds digit of g?
1
Suppose -2*t = -0*t - 12. Suppose -x + 6 = -t. What is the tens digit of x?
1
Let x(q) = 3*q**3 + 14*q**2 - 9*q - 12. Let c(h) = 7*h**3 + 29*h**2 - 18*h - 23. Let f(a) = -4*c(a) + 9*x(a). What is the units digit of f(8)?
0
Let w = 38 - -34. Suppose -93 = -5*m + w. What is the units digit of m/4 + 12/16?
9
Suppose -72*a + 81*a = 10746. What is the hundreds digit of a?
1
Suppose -r + 0 = -2*x - 1, -r = -5. What is the units digit of x/(-9) - (-740)/90?
8
Suppose 0 = -3*f + 5 + 1. Let k(l) = f + 6*l**2 - 2 - 2*l + 6 + l**3. What is the tens digit of k(-6)?
1
Let y(p) = -226*p + 20. Let r be y(-3). Let j = r - 470. What is the tens digit of j?
2
Let z be (-8)/24 - 20/(-6). Suppose 12 = z*u + 2*c, c + 0*c - 11 = -4*u. Suppose -l = -u*l + 6. What is the units digit of l?
6
Let l(t) be the first derivative of -11/2*t**2 - t - 5. What is the units digit of l(-1)?
0
Let c = 8 - 5. What is the units digit of (3 - c) + 2 - -46?
8
Let w = -11 - -34. Let t = w - 17. What is the units digit of t?
6
Suppose 5*x + 1 = v, 2*x = 5*v - 5 - 0. Suppose x = b + b - 40. What is the units digit of b/16 - 3/(-4)?
2
Let w(m) = m**3 - 12*m**2 + 53*m - 6. What is the tens digit of w(9)?
2
Let c = 596 + -384. What is the tens digit of c?
1
Suppose -3*l - 15 = 0, -l - 7 = -2*p + 2. Suppose -p*v + 1239 = 5*v. What is the units digit of v?
7
Let r(j) = -2*j**2 + 51*j + 4. Let u be r(22). What is the units digit of u/(-6)*-3 - -2?
1
Let x(z) = z**2 - 8*z + 9. Let c = 20 - 34. Let d be (c/(-6))/(3/9). What is the units digit of x(d)?
2
Let r = 1255 - 423. What is the hundreds digit of r?
8
Let f(z) = z**3 - 5*z**2 + 5*z. Let t be f(4). Suppose -o - t*o = -a + 11, 4*a + 2 = -3*o. Let g = 26 + o. What is the units digit of g?
4
Let y = 62 + 136. Suppose -15*q + 12*q + y = 0. What is the units digit of q?
6
Let p(w) = w - 7. Let d be p(12). Suppose -3*v = -3*z + 330, -z - 104 = -2*z - d*v. What is the units digit of z?
9
Let c(k) = k**3 - 2*k**2 + 7*k + 1815. What is the thousands digit of c(0)?
1
Suppose -3*k + 26 = 4*x + 5, -2*x - k = -11. What is the tens digit of ((-2)/x - 22/(-6))*6?
2
Let k(b) = 3*b - 7. Let t = 12 + -7. Let c be k(t). Let q(v) = 4*v + 3. What is the units digit of q(c)?
5
Suppose 0 = -5*c - h - 0 + 9, -2*c - 2*h + 2 = 0. Suppose 0*n + 215 = 3*n + c*t, -3*n + t = -221. What is the tens digit of n?
7
Suppose -6*o + 106 - 16 = 0. Let n be (-6 - -2)*2 - 1. What is the tens digit of (-321)/n + 5/o?
3
Suppose x + 3*x - 2*j = 7340, 5*x - 9149 = -4*j. Suppose -11*d = 447 - x. What is the units digit of d?
6
Suppose 0 = -4*z + 9*z + 10, w - 929 = -3*z. What is the hundreds digit of w?
9
Let h(u) = 4*u + 23. Suppose 0 = 4*y - 4*w - 60, 0 = 4*y - 3*y - 3*w - 21. What is the units digit of h(y)?
1
Let z = 4071 - 2458. What is the thousands digit of z?
1
Let t(f) = -2*f + 10. Let g be ((-1)/(-3))/(1/27). Let n be t(g). What is the tens digit of 4/(-16) - 170/n?
2
Let k = 17 - -3525. What is the thousands digit of k?
3
Let a(g) = 359*g + 40. What is the tens digit of a(3)?
1
Suppose -2835 = 17*c - 24*c. What is the units digit of c?
5
Let i(z) be the second derivative of -z**6/360 - z**5/120 + 7*z**4/8 + z**3/3 + 3*z. Let x(c) be the second derivative of i(c). What is the units digit of x(0)?
1
Let k = 348 + -59. What is the hundreds digit of k?
2
Let h(q) = q**3 - 4*q**2 - q + 3. Let s be h(3). Let t = s + 13. Suppose -2*w = r - 3, -4*w + t*r = -w + 1. What is the units digit of w?
1
Suppose -10*o = -8655 - 34765. What is the thousands digit of o?
4
Let b(p) = -73*p - 210. What is the hundreds digit of b(-9)?
4
Let k(b) = b**3 - 3*b**2 + 4*b - 4. Let j be k(2). Suppose -50 = -5*x - j*x. What is the units digit of (8/x)/(1/50)?
0
Suppose 12*b - 19144 = -5056. What is the thousands digit of b?
1
Let o be 1 + 7 + (-5 - (-1 - 3)). Suppose s - 126 = -2*q, -o*s + 390 = -4*s + 2*q. What is the units digit of s?
2
Let c be (19/(-5) - -3)*-5. Suppose 35 = -j - c*j. What is the units digit of 2 + 0 - (j - -1)?
8
Let o = 17 + 10. Let w = -7 + o. What is the units digit of w?
0
Let y = 2060 + -905. What is the tens digit of y?
5
Suppose 5*b = 5*y + 1420, 2*b + y - 61 = 498. What is the hundreds digit of b?
2
Suppose 0 = 3*p + 3*p - 48. Let t(r) = -r**3 + 7*r**2 + 7*r + 6. Let g be t(p). Let c(i) = -23*i - 3. What is the units digit of c(g)?
3
Let o(k) = 1 - 1 - 3*k + 34*k**2 - 9*k**2. Let p be o(2). Suppose 0 = -i + p - 23. What is the tens digit of i?
7
Suppose -4*u + 2*u - 330 = -z, -5*z - u = -1672. What is the units digit of z?
4
Suppose 14*h - 23*h + 10386 = 0. What is the hundreds digit of h?
1
Let a = 147 + -216. Let c = 28 - a. What is the units digit of c?
7
Let o = -14 + -11. Let d be (-1)/2 - ((-69)/(-2) - -6). Let v = o - d. What is the tens digit of v?
1
Let h(a) = 2*a + 1. Let j(u) = -u**2 + 3*u + 3. Let v be j(3). Let d be v